*n + 8, 2*n = 5*n + 9. Let r = 3 + u. What is the tens digit of (-9 - 0)/(-1) + r?
1
Let n = 510 - 226. What is the units digit of n?
4
What is the tens digit of 2851/6 - (-9)/(-54)?
7
Suppose 0 = -5*x + 2*x + 6. Let y = -28 + 93. Suppose -3*b + y = -x*s, -5*b - 2*s = -3*s - 113. What is the units digit of b?
3
Let d = -1394 - -2060. What is the units digit of d?
6
Let b = 982 - 512. What is the hundreds digit of b?
4
What is the units digit of 3 + (7 - 24/6 - -811)?
7
Let c = 1339 + -1291. What is the units digit of c?
8
Let x(n) = 5*n**2 - 2*n - 7. Suppose o = -0*o + 11. Suppose o - 7 = d. What is the units digit of x(d)?
5
Let n(y) be the third derivative of y**6/120 + y**5/6 + y**4/3 + 5*y**3/6 + 59*y**2. Suppose -k = -2*k - 5*d - 23, 2*k = d - 13. What is the tens digit of n(k)?
6
Suppose 6*q = 5*q + z + 860, -2*z = -3*q + 2581. What is the units digit of q?
1
Suppose -b = -2*x - 128, 3*x + 3*b = -216 + 15. Let j = -24 - x. Let v = -28 + j. What is the tens digit of v?
1
Let g = 2569 - 1429. What is the hundreds digit of g?
1
Suppose 0 = 8*g - 0*g - 8. What is the hundreds digit of (1177/44)/(g/4)?
1
Let p(j) = -j**2 + 1. Let r(c) = -3*c**2 - 5*c + 1. Let h(x) = 2*p(x) - r(x). Let l = -87 - -82. What is the units digit of h(l)?
1
What is the hundreds digit of -5 + 1/(2/9210*5)?
9
Let p = 131 + -133. What is the tens digit of (-282)/p - (-2)/((-6)/3)?
4
Suppose -5*n = k - 44, -k = -3*k - 3*n + 53. Let v = k - 35. Let u = 32 + v. What is the tens digit of u?
1
Suppose -5 = -4*u + 15. Let f be (u/(-15))/(2/(-12)). Suppose 101 = 3*q - 0*i + f*i, 2*q - i - 72 = 0. What is the tens digit of q?
3
Suppose -4*u + 874 = 2*d, 7*d - 5*d + 2*u - 868 = 0. Suppose -2*n + 2*m = -166, -5*n + 0*m = -m - d. What is the tens digit of n?
8
Let w(d) = 2*d + 24. Let t be w(-9). Suppose -2*z + 14 = 4*b, -2*z = -t*z + 4*b + 40. What is the units digit of z?
9
Suppose 7*j + 6 - 13 = 0. What is the hundreds digit of (2*-1)/j + (255 - -12)?
2
What is the hundreds digit of (-2 - -267) + (-4)/(-1)?
2
Let a = -13 - -16. Suppose a*c = -0*c + 5*v - 908, 2*c = -5*v - 622. What is the units digit of 786/34 + 36/c?
3
What is the hundreds digit of 32/48*(-15492)/(-8)?
2
Let i = 3952 + -2339. Suppose 802 + i = 3*h. What is the units digit of 4/(-6) - h/(-15)?
3
What is the units digit of (-4)/(-18) - -12049*1/9?
9
Let d(c) = -c**3 - 22*c**2 - 9*c - 29. Let r be d(-22). Let y = -119 + r. What is the units digit of y?
0
Suppose -q + 871 + 68 = -2*w, 5*w = q - 942. What is the tens digit of q?
3
Let q = -743 + 1449. What is the units digit of q?
6
Let q(t) = t**3 + 11*t**2 - 10*t - 11. Suppose -70 - 51 = 11*p. What is the tens digit of q(p)?
9
Suppose 3*g - 3*x + 540 = 0, 362 = -2*g + x + 3*x. What is the hundreds digit of (-3 + 3 + 0)/(-3) - g?
1
Let v = -198 + 715. What is the hundreds digit of v?
5
Let t(l) = 2*l**2 + 89*l - 224. What is the thousands digit of t(-67)?
2
Let r(w) = w - 2. Let v be r(5). Let u be 18/(-42) - 10/(-7). What is the tens digit of 3 + (v - (-55)/u)?
6
Suppose 11 - 7 = 4*l. Let w(k) = -83*k - 1. Let z be w(l). What is the units digit of 6/15 - z/15?
6
Suppose 0 = -3*w - 2*u - 2, -w - 5*u - 18 = -0*u. Suppose 5*g - 172 = -0*g - 4*n, 122 = 4*g - w*n. What is the units digit of g?
2
Let f(r) = -4*r**2 + 91*r + 33. Let j be f(23). Let s be 1 + 3/(6/148). Suppose -4*h + 20 = 0, 3*q + 5*h - j = s. What is the units digit of q?
0
Let i = -29 - -20. Let k = 3 + i. Let r(d) = -d**3 - 6*d**2 - d - 1. What is the units digit of r(k)?
5
Let r = -27 + 41. Let l = r + 83. What is the tens digit of l?
9
Let b = 7 + -7. Suppose b = q + 2*q + 81. Let g = 69 + q. What is the units digit of g?
2
Let x = 47 + 2. Let h = x + -39. What is the units digit of h?
0
Let c be (2/1 - 5) + 6. Suppose -4*g - k = -2*k - 761, 562 = c*g + k. What is the hundreds digit of g?
1
Suppose -390 - 440 = -5*f. What is the tens digit of f?
6
Suppose -23 = -b + 6*q - q, 4*q = 3*b - 36. Suppose 4 = -p + b. Let x = 23 - p. What is the tens digit of x?
1
What is the hundreds digit of (-4)/(-30)*-3 - (-37168)/20?
8
What is the hundreds digit of 2/10 + (-259182)/(-165)?
5
Suppose 0 = 20*a - 18*a + 52. Let o = a - -26. Suppose -3*p + o*p + 39 = 0. What is the units digit of p?
3
Let z be 15/(((-18)/(-20))/3). Suppose 3*f + 150 = 8*f. Let t = z - f. What is the units digit of t?
0
Suppose 4*f + 5*j = 2*j + 787, 2*j + 603 = 3*f. Suppose -27 - f = -2*x. What is the tens digit of x?
1
Let q(o) be the second derivative of 7*o**6/720 - o**5/24 - 7*o**4/12 + 5*o. Let a(m) be the third derivative of q(m). What is the units digit of a(3)?
6
Let r = -15 - -17. Suppose 3*y - r*z - 727 = -4*z, -4*y = -2*z - 946. Suppose 4*k = -5*f + y, -2*f + 5*k - 146 = -5*f. What is the units digit of f?
7
Let k = -82 - -59. What is the tens digit of (k - 3)*(-3 + 2)?
2
Suppose 2*m - 22 + 12 = 0. Suppose 0*p = 2*r + m*p - 524, r + 2*p - 261 = 0. What is the hundreds digit of r?
2
What is the hundreds digit of 2 + 726/(((-135)/24)/(-15))?
9
Let z(m) = -2*m**2 - 2*m - 2*m + 2*m - 1 - 1. Let w be z(-5). What is the units digit of (-2)/7 + (-600)/w?
4
Let k(s) be the second derivative of 0 + s + 13/6*s**3 - 1/20*s**5 + 5/6*s**4 + 1/2*s**2. What is the tens digit of k(11)?
2
Let o(l) = -l**3 + 16*l**2 + 32*l - 3. What is the hundreds digit of o(15)?
7
Let g(b) = 64*b + 17. What is the tens digit of g(8)?
2
Suppose -2*i + 3*f = -4*i - 7, -3*i - 9 = 4*f. Suppose 0 = -5*z - 5*w + 20, -z - 4*w = -2*w - i. Let r = z - -22. What is the tens digit of r?
2
Let q(v) = -2*v + 3 + 2*v - 14*v. What is the tens digit of q(-3)?
4
Let h be 24/18 - (-4)/(-3). Suppose f - 2*m - 93 = m, h = 4*m. What is the tens digit of f?
9
Suppose -2*g - 4*r = -1266, 0 = 5*g + r + 151 - 3307. What is the units digit of g?
1
Suppose 0 = 4*n - 5*w - 91, 0*n = 4*n + w - 121. What is the units digit of n?
9
Suppose 5*s + 2*g - 23830 = 0, -3*s = -3*g - 142 - 14177. What is the tens digit of s?
6
Let n(a) be the third derivative of a**5/60 - 17*a**4/24 - 5*a**3/3 - 9*a**2. What is the units digit of n(20)?
0
Let h(x) = -108*x**3 + 2*x**2 + x. Let f be h(-1). Let c(q) = 2*q**2 - 4*q - 1. Let b be c(3). Suppose 151 + f = b*y. What is the units digit of y?
2
Let q(l) = -l**2 + 12*l - 13. Let k be q(7). Let w = k - -23. What is the units digit of w?
5
Let f(y) = 26 + 29 - 18*y - 17. What is the units digit of f(-15)?
8
Let z(i) = i**2 + 3*i - 4. Let o be z(-5). Let a = 22 + o. What is the units digit of a?
8
Suppose 0 = -3*j + s + 1358, 9*s = -j + 13*s + 471. What is the units digit of j?
1
Suppose 6*d = -2*d + 7144. Suppose 8*s - d = 83. What is the hundreds digit of s?
1
What is the hundreds digit of -10 + 1788 + (9 - 14)?
7
Suppose 1940 = 2*g + 3*n, 5*g + 3860 = 9*g + n. What is the tens digit of g?
6
Suppose 5*g = 7*c - 11*c + 565, -305 = -2*c + 5*g. What is the tens digit of c?
4
Suppose 3 = -3*m + 12. Suppose -193 = -2*s + k, 0 = -m*s - 0*k - k + 277. What is the tens digit of s?
9
Let z = -327 + 553. What is the hundreds digit of z?
2
Suppose -3*f - 4*m = -10077, -3*f + 1274 = -2*m - 8803. What is the tens digit of f?
5
Let m = 262 - 102. What is the tens digit of m?
6
Suppose 3*w - 8*w + 2855 = 0. What is the units digit of w?
1
Let z(w) = 133*w + 3 + 5 - 5 - 130*w + 183*w**2. What is the tens digit of z(-1)?
8
Let z(w) = -3*w**3 + 12 + 2*w**3 + 11*w - 21*w + 10*w**2. Let a be z(9). What is the tens digit of (-4 - 3)/((-1)/a)?
2
Let u = -5 - -14. What is the tens digit of -60*(15/u - 3)?
8
Let m(k) = k**2 + 5*k + 251. Let s be m(0). Let u = 377 - s. What is the hundreds digit of u?
1
Suppose 0 = -k + m - 46, 5*k - m + 5*m = -194. Let p = k + 88. What is the tens digit of p?
4
Let o(t) = 5*t + 19. Let s be o(-11). What is the tens digit of (-432)/s - (-1)/1?
1
Let k(h) = -h**3 + 4*h**2 - h - 3. Let l be k(3). Let p(v) = v**2 + 2*v + 1 - l*v + 2*v. What is the tens digit of p(3)?
1
Let j be 1/(-6) - ((-703)/6 + 5). Let o = j + -59. What is the units digit of o?
3
Let p(t) = 20*t + 1. Suppose -1 = -4*c - 3*h - 3, -2*c - 2*h = 0. Let b be p(c). Let l = -24 - b. What is the tens digit of l?
1
Suppose 9618 = 4*d - l, 7*l = -4*d + 9*l + 9620. What is the units digit of d?
4
Suppose 0 = o + 2*c, -3*o - 5*c + 6 = -2*c. Suppose -21 = d + 5*u - 206, d - o*u - 149 = 0. W